{"id":1322,"date":"2019-06-03T10:20:19","date_gmt":"2019-06-03T10:20:19","guid":{"rendered":"http:\/\/luxepack.es\/?page_id=1322"},"modified":"2019-07-04T10:52:07","modified_gmt":"2019-07-04T10:52:07","slug":"historia","status":"publish","type":"page","link":"http:\/\/luxepack.es\/fr\/historia\/","title":{"rendered":"Histoire"},"content":{"rendered":"<div data-elementor-type=\"wp-post\" data-elementor-id=\"1322\" class=\"elementor elementor-1322\" data-elementor-settings=\"[]\">\n\t\t\t\t\t\t<div class=\"elementor-inner\">\n\t\t\t\t\t\t\t<div class=\"elementor-section-wrap\">\n\t\t\t\t\t\t\t<section class=\"elementor-section elementor-top-section elementor-element elementor-element-415f4a04 elementor-section-boxed elementor-section-height-default elementor-section-height-default\" data-id=\"415f4a04\" data-element_type=\"section\">\n\t\t\t\t\t\t<div class=\"elementor-container elementor-column-gap-default\">\n\t\t\t\t\t\t\t<div class=\"elementor-row\">\n\t\t\t\t\t<div class=\"elementor-column elementor-col-100 elementor-top-column elementor-element elementor-element-6d6d340f\" data-id=\"6d6d340f\" data-element_type=\"column\">\n\t\t\t<div class=\"elementor-column-wrap elementor-element-populated\">\n\t\t\t\t\t\t\t<div class=\"elementor-widget-wrap\">\n\t\t\t\t\t\t<div class=\"elementor-element elementor-element-426ff95 elementor-widget elementor-widget-image\" data-id=\"426ff95\" data-element_type=\"widget\" data-widget_type=\"image.default\">\n\t\t\t\t<div class=\"elementor-widget-container\">\n\t\t\t\t\t<div class=\"elementor-image\">\n\t\t\t\t\t\t\t\t\t\t<img width=\"1020\" height=\"396\" src=\"https:\/\/luxepack.es\/wp-content\/uploads\/2019\/06\/FotoHistoria-Mx.jpg\" class=\"attachment-full size-full\" alt=\"\" loading=\"lazy\" srcset=\"https:\/\/luxepack.es\/wp-content\/uploads\/2019\/06\/FotoHistoria-Mx.jpg 1020w, https:\/\/luxepack.es\/wp-content\/uploads\/2019\/06\/FotoHistoria-Mx-300x116.jpg 300w, https:\/\/luxepack.es\/wp-content\/uploads\/2019\/06\/FotoHistoria-Mx-768x298.jpg 768w, https:\/\/luxepack.es\/wp-content\/uploads\/2019\/06\/FotoHistoria-Mx-600x233.jpg 600w\" sizes=\"(max-width: 1020px) 100vw, 1020px\" \/>\t\t\t\t\t\t\t\t\t\t\t<\/div>\n\t\t\t\t<\/div>\n\t\t\t\t<\/div>\n\t\t\t\t\t\t<\/div>\n\t\t\t\t\t<\/div>\n\t\t<\/div>\n\t\t\t\t\t\t\t\t<\/div>\n\t\t\t\t\t<\/div>\n\t\t<\/section>\n\t\t\t\t<section class=\"elementor-section elementor-top-section elementor-element elementor-element-ba4c79b elementor-section-boxed elementor-section-height-default elementor-section-height-default\" data-id=\"ba4c79b\" data-element_type=\"section\">\n\t\t\t\t\t\t<div class=\"elementor-container elementor-column-gap-default\">\n\t\t\t\t\t\t\t<div class=\"elementor-row\">\n\t\t\t\t\t<div class=\"elementor-column elementor-col-100 elementor-top-column elementor-element elementor-element-9416db2\" data-id=\"9416db2\" data-element_type=\"column\">\n\t\t\t<div class=\"elementor-column-wrap elementor-element-populated\">\n\t\t\t\t\t\t\t<div class=\"elementor-widget-wrap\">\n\t\t\t\t\t\t<div class=\"elementor-element elementor-element-906b6d8 elementor-widget elementor-widget-text-editor\" data-id=\"906b6d8\" data-element_type=\"widget\" data-widget_type=\"text-editor.default\">\n\t\t\t\t<div class=\"elementor-widget-container\">\n\t\t\t\t\t<div class=\"elementor-text-editor elementor-clearfix\"><p>Depuis pr\u00e8s de 30 ans, nous sommes sp\u00e9cialis\u00e9s dans le monde de l'emballage, toujours \u00e0 la recherche d'innovation dans chaque produit. D\u00e8s le premier jour, notre d\u00e9fi a \u00e9t\u00e9 de trouver la solution la plus appropri\u00e9e pour r\u00e9pondre aux besoins de nos clients en veillant au maximum \u00e0 la qualit\u00e9 et au service.<\/p><p>En 1990, lorsque j'ai cr\u00e9\u00e9 ma premi\u00e8re soci\u00e9t\u00e9 Publipan, j'ai essay\u00e9 de m'entourer de personnes qui m'ont aid\u00e9 et qui m\u2019aident encore \u00e0 aller plus loin dans la recherche de la perfection et de l'originalit\u00e9 de tous nos emballages.<\/p><p>En 2002, nous avons r\u00e9volutionn\u00e9 le march\u00e9 de la grande distribution en \u00e9tant les premiers \u00e0 introduire sur le march\u00e9 espagnol des sacs r\u00e9utilisables en polypropyl\u00e8ne tiss\u00e9. Cela avait pour but d\u2019\u00e9viter l\u2019utilisation massive de sacs en plastique dans les cartons lin\u00e9aires de la moyenne et grande distribution.<\/p><p>En 2013, avec la ferme intention de donner un nouvel \u00e9lan aux sacs \u00e9cologiques et r\u00e9utilisables nous avons cr\u00e9\u00e9 le groupe Luxe Packaging Ib\u00e9rica. Nous sommes ainsi devenus des importateurs directs et commercialisons des sacs en papier, en raphia et en coton \u00e0 tous les secteurs.<\/p><p>Au sein de Luxe Packaging Ib\u00e9rica, nous ne nous arr\u00eatons pas dans la recherche constante de mat\u00e9riaux innovants qui s\u2019accordent bien avec l\u2019environnement. Nous cherchons \u00e0 offrir \u00e0 nos clients une image plus fra\u00eeche et plus actuelle tout en ajoutant de la valeur \u00e0 leurs produits.<\/p><p>Aujourd'hui, nous sommes convaincus que le meilleur substitut des sacs en plastique sont les sacs en coton. Pour cette raison, nous avons conclu un accord de collaboration sur le march\u00e9 espagnol avec le groupe CSI, dont leur nouvelle chaine de production sera pr\u00eate en septembre 2019.<\/p><p><span style=\"letter-spacing: 0.7px;\">Mon exp\u00e9rience acquise au fil des ann\u00e9es dans le monde de l'emballage combin\u00e9 avec ma passion et mon d\u00e9vouement m'ont permis de m'adapter aux nouvelles tendances du design et de l'\u00e9cologie en me poussant toujours \u00e0 atteindre<\/span><\/p><\/div>\n\t\t\t\t<\/div>\n\t\t\t\t<\/div>\n\t\t\t\t<div class=\"elementor-element elementor-element-480dbbc elementor-widget elementor-widget-text-editor\" data-id=\"480dbbc\" data-element_type=\"widget\" data-widget_type=\"text-editor.default\">\n\t\t\t\t<div class=\"elementor-widget-container\">\n\t\t\t\t\t<div class=\"elementor-text-editor elementor-clearfix\"><p><i style=\"letter-spacing: 0.7px;\">\u00abLa Calidad Creativa est\u00e9 al Servicio de sus Bolsas\u00bb.<\/i><\/p><\/div>\n\t\t\t\t<\/div>\n\t\t\t\t<\/div>\n\t\t\t\t<div class=\"elementor-element elementor-element-e23a796 elementor-widget elementor-widget-text-editor\" data-id=\"e23a796\" data-element_type=\"widget\" data-widget_type=\"text-editor.default\">\n\t\t\t\t<div class=\"elementor-widget-container\">\n\t\t\t\t\t<div class=\"elementor-text-editor elementor-clearfix\"><p>Merci \u00e0 tous nos clients de nous avoir fait confiance, \u00e0 moi et \u00e0 toute mon \u00e9quipe pendant tant d'ann\u00e9es.<\/p><\/div>\n\t\t\t\t<\/div>\n\t\t\t\t<\/div>\n\t\t\t\t\t\t<\/div>\n\t\t\t\t\t<\/div>\n\t\t<\/div>\n\t\t\t\t\t\t\t\t<\/div>\n\t\t\t\t\t<\/div>\n\t\t<\/section>\n\t\t\t\t\t\t<\/div>\n\t\t\t\t\t\t<\/div>\n\t\t\t\t\t<\/div>","protected":false},"excerpt":{"rendered":"<p>Llevamos casi 30 a\u00f1os dedicados al mundo del Packaging buscando siempre la innovaci\u00f3n en cada producto. Desde el primer d\u00eda, nuestro reto ha sido encontrar la soluci\u00f3n m\u00e1s adecuada para responder a las necesidades de nuestros clientes, cuidando al m\u00e1ximo la calidad y el servicio. Desde 1990, cuando cre\u00e9 mi primera empresa Publipan, hasta hoy, [&hellip;]<\/p>","protected":false},"author":1,"featured_media":0,"parent":0,"menu_order":0,"comment_status":"closed","ping_status":"closed","template":"page-templates\/fullwidth-content.php","meta":[],"yoast_head":"<!-- This site is optimized with the Yoast SEO plugin v15.9 - https:\/\/yoast.com\/wordpress\/plugins\/seo\/ -->\n<title>Historia - Luxepack<\/title>\n<meta name=\"robots\" content=\"index, follow, max-snippet:-1, max-image-preview:large, max-video-preview:-1\" \/>\n<link rel=\"canonical\" href=\"http:\/\/luxepack.es\/fr\/historia\/\" \/>\n<meta property=\"og:locale\" content=\"fr_FR\" \/>\n<meta property=\"og:type\" content=\"article\" \/>\n<meta property=\"og:title\" content=\"Historia - Luxepack\" \/>\n<meta property=\"og:description\" content=\"Llevamos casi 30 a\u00f1os dedicados al mundo del Packaging buscando siempre la innovaci\u00f3n en cada producto. Desde el primer d\u00eda, nuestro reto ha sido encontrar la soluci\u00f3n m\u00e1s adecuada para responder a las necesidades de nuestros clientes, cuidando al m\u00e1ximo la calidad y el servicio. Desde 1990, cuando cre\u00e9 mi primera empresa Publipan, hasta hoy, [&hellip;]\" \/>\n<meta property=\"og:url\" content=\"http:\/\/luxepack.es\/fr\/historia\/\" \/>\n<meta property=\"og:site_name\" content=\"Luxepack\" \/>\n<meta property=\"article:publisher\" content=\"https:\/\/www.facebook.com\/luxepack\/\" \/>\n<meta property=\"article:modified_time\" content=\"2019-07-04T10:52:07+00:00\" \/>\n<meta property=\"og:image\" content=\"https:\/\/luxepack.es\/wp-content\/uploads\/2019\/06\/FotoHistoria-Mx.jpg\" \/>\n<meta name=\"twitter:card\" content=\"summary_large_image\" \/>\n<meta name=\"twitter:label1\" content=\"Dur\u00e9e de lecture est.\">\n\t<meta name=\"twitter:data1\" content=\"2 minutes\">\n<script type=\"application\/ld+json\" class=\"yoast-schema-graph\">{\"@context\":\"https:\/\/schema.org\",\"@graph\":[{\"@type\":\"Organization\",\"@id\":\"https:\/\/luxepack.es\/#organization\",\"name\":\"LUXE PACKAGING IBERICA\",\"url\":\"https:\/\/luxepack.es\/\",\"sameAs\":[\"https:\/\/www.facebook.com\/luxepack\/\",\"https:\/\/www.instagram.com\/luxepackagingiberica\/\"],\"logo\":{\"@type\":\"ImageObject\",\"@id\":\"https:\/\/luxepack.es\/#logo\",\"inLanguage\":\"fr-FR\",\"url\":\"https:\/\/luxepack.es\/wp-content\/uploads\/2019\/06\/Logo-LuxePack.jpg\",\"width\":175,\"height\":96,\"caption\":\"LUXE PACKAGING IBERICA\"},\"image\":{\"@id\":\"https:\/\/luxepack.es\/#logo\"}},{\"@type\":\"WebSite\",\"@id\":\"https:\/\/luxepack.es\/#website\",\"url\":\"https:\/\/luxepack.es\/\",\"name\":\"Luxepack\",\"description\":\"Luxe Packaging Ib\\u00e9rica\",\"publisher\":{\"@id\":\"https:\/\/luxepack.es\/#organization\"},\"potentialAction\":[{\"@type\":\"SearchAction\",\"target\":\"https:\/\/luxepack.es\/?s={search_term_string}\",\"query-input\":\"required name=search_term_string\"}],\"inLanguage\":\"fr-FR\"},{\"@type\":\"ImageObject\",\"@id\":\"https:\/\/luxepack.es\/historia\/#primaryimage\",\"inLanguage\":\"fr-FR\",\"url\":\"https:\/\/luxepack.es\/wp-content\/uploads\/2019\/06\/FotoHistoria-Mx.jpg\"},{\"@type\":\"WebPage\",\"@id\":\"https:\/\/luxepack.es\/historia\/#webpage\",\"url\":\"https:\/\/luxepack.es\/historia\/\",\"name\":\"Historia - Luxepack\",\"isPartOf\":{\"@id\":\"https:\/\/luxepack.es\/#website\"},\"primaryImageOfPage\":{\"@id\":\"https:\/\/luxepack.es\/historia\/#primaryimage\"},\"datePublished\":\"2019-06-03T10:20:19+00:00\",\"dateModified\":\"2019-07-04T10:52:07+00:00\",\"breadcrumb\":{\"@id\":\"https:\/\/luxepack.es\/historia\/#breadcrumb\"},\"inLanguage\":\"fr-FR\",\"potentialAction\":[{\"@type\":\"ReadAction\",\"target\":[\"https:\/\/luxepack.es\/historia\/\"]}]},{\"@type\":\"BreadcrumbList\",\"@id\":\"https:\/\/luxepack.es\/historia\/#breadcrumb\",\"itemListElement\":[{\"@type\":\"ListItem\",\"position\":1,\"item\":{\"@type\":\"WebPage\",\"@id\":\"https:\/\/luxepack.es\/\",\"url\":\"https:\/\/luxepack.es\/\",\"name\":\"Portada\"}},{\"@type\":\"ListItem\",\"position\":2,\"item\":{\"@type\":\"WebPage\",\"@id\":\"https:\/\/luxepack.es\/historia\/\",\"url\":\"https:\/\/luxepack.es\/historia\/\",\"name\":\"Historia\"}}]}]}<\/script>\n<!-- \/ Yoast SEO plugin. -->","_links":{"self":[{"href":"http:\/\/luxepack.es\/fr\/wp-json\/wp\/v2\/pages\/1322"}],"collection":[{"href":"http:\/\/luxepack.es\/fr\/wp-json\/wp\/v2\/pages"}],"about":[{"href":"http:\/\/luxepack.es\/fr\/wp-json\/wp\/v2\/types\/page"}],"author":[{"embeddable":true,"href":"http:\/\/luxepack.es\/fr\/wp-json\/wp\/v2\/users\/1"}],"replies":[{"embeddable":true,"href":"http:\/\/luxepack.es\/fr\/wp-json\/wp\/v2\/comments?post=1322"}],"version-history":[{"count":3,"href":"http:\/\/luxepack.es\/fr\/wp-json\/wp\/v2\/pages\/1322\/revisions"}],"predecessor-version":[{"id":2777,"href":"http:\/\/luxepack.es\/fr\/wp-json\/wp\/v2\/pages\/1322\/revisions\/2777"}],"wp:attachment":[{"href":"http:\/\/luxepack.es\/fr\/wp-json\/wp\/v2\/media?parent=1322"}],"curies":[{"name":"wp","href":"https:\/\/api.w.org\/{rel}","templated":true}]}}

<div data-elementor-type="wp-post" data-elementor-id="1322" class="elementor elementor-1322" data-elementor-settings="[]">
						<div class="elementor-inner">
							<div class="elementor-section-wrap">
							<section class="elementor-section elementor-top-section elementor-element elementor-element-415f4a04 elementor-section-boxed elementor-section-height-default elementor-section-height-default" data-id="415f4a04" data-element_type="section">
						<div class="elementor-container elementor-column-gap-default">
							<div class="elementor-row">
					<div class="elementor-column elementor-col-100 elementor-top-column elementor-element elementor-element-6d6d340f" data-id="6d6d340f" data-element_type="column">
			<div class="elementor-column-wrap elementor-element-populated">
							<div class="elementor-widget-wrap">
						<div class="elementor-element elementor-element-426ff95 elementor-widget elementor-widget-image" data-id="426ff95" data-element_type="widget" data-widget_type="image.default">
				<div class="elementor-widget-container">
					<div class="elementor-image">
										<img width="1020" height="396" src="https://luxepack.es/wp-content/uploads/2019/06/FotoHistoria-Mx.jpg" class="attachment-full size-full" alt="" loading="lazy" srcset="https://luxepack.es/wp-content/uploads/2019/06/FotoHistoria-Mx.jpg 1020w, https://luxepack.es/wp-content/uploads/2019/06/FotoHistoria-Mx-300x116.jpg 300w, https://luxepack.es/wp-content/uploads/2019/06/FotoHistoria-Mx-768x298.jpg 768w, https://luxepack.es/wp-content/uploads/2019/06/FotoHistoria-Mx-600x233.jpg 600w" sizes="(max-width: 1020px) 100vw, 1020px" />											</div>
				</div>
				</div>
						</div>
					</div>
		</div>
								</div>
					</div>
		</section>
				<section class="elementor-section elementor-top-section elementor-element elementor-element-ba4c79b elementor-section-boxed elementor-section-height-default elementor-section-height-default" data-id="ba4c79b" data-element_type="section">
						<div class="elementor-container elementor-column-gap-default">
							<div class="elementor-row">
					<div class="elementor-column elementor-col-100 elementor-top-column elementor-element elementor-element-9416db2" data-id="9416db2" data-element_type="column">
			<div class="elementor-column-wrap elementor-element-populated">
							<div class="elementor-widget-wrap">
						<div class="elementor-element elementor-element-906b6d8 elementor-widget elementor-widget-text-editor" data-id="906b6d8" data-element_type="widget" data-widget_type="text-editor.default">
				<div class="elementor-widget-container">
					<div class="elementor-text-editor elementor-clearfix"><p>Depuis près de 30 ans, nous sommes spécialisés dans le monde de l'emballage, toujours à la recherche d'innovation dans chaque produit. Dès le premier jour, notre défi a été de trouver la solution la plus appropriée pour répondre aux besoins de nos clients en veillant au maximum à la qualité et au service.</p><p>En 1990, lorsque j'ai créé ma première société Publipan, j'ai essayé de m'entourer de personnes qui m'ont aidé et qui m’aident encore à aller plus loin dans la recherche de la perfection et de l'originalité de tous nos emballages.</p><p>En 2002, nous avons révolutionné le marché de la grande distribution en étant les premiers à introduire sur le marché espagnol des sacs réutilisables en polypropylène tissé. Cela avait pour but d’éviter l’utilisation massive de sacs en plastique dans les cartons linéaires de la moyenne et grande distribution.</p><p>En 2013, avec la ferme intention de donner un nouvel élan aux sacs écologiques et réutilisables nous avons créé le groupe Luxe Packaging Ibérica. Nous sommes ainsi devenus des importateurs directs et commercialisons des sacs en papier, en raphia et en coton à tous les secteurs.</p><p>Au sein de Luxe Packaging Ibérica, nous ne nous arrêtons pas dans la recherche constante de matériaux innovants qui s’accordent bien avec l’environnement. Nous cherchons à offrir à nos clients une image plus fraîche et plus actuelle tout en ajoutant de la valeur à leurs produits.</p><p>Aujourd'hui, nous sommes convaincus que le meilleur substitut des sacs en plastique sont les sacs en coton. Pour cette raison, nous avons conclu un accord de collaboration sur le marché espagnol avec le groupe CSI, dont leur nouvelle chaine de production sera prête en septembre 2019.</p><p><span style="letter-spacing: 0.7px;">Mon expérience acquise au fil des années dans le monde de l'emballage combiné avec ma passion et mon dévouement m'ont permis de m'adapter aux nouvelles tendances du design et de l'écologie en me poussant toujours à atteindre</span></p></div>
				</div>
				</div>
				<div class="elementor-element elementor-element-480dbbc elementor-widget elementor-widget-text-editor" data-id="480dbbc" data-element_type="widget" data-widget_type="text-editor.default">
				<div class="elementor-widget-container">
					<div class="elementor-text-editor elementor-clearfix"><p><i style="letter-spacing: 0.7px;">«La Calidad Creativa esté al Servicio de sus Bolsas».</i></p></div>
				</div>
				</div>
				<div class="elementor-element elementor-element-e23a796 elementor-widget elementor-widget-text-editor" data-id="e23a796" data-element_type="widget" data-widget_type="text-editor.default">
				<div class="elementor-widget-container">
					<div class="elementor-text-editor elementor-clearfix"><p>Merci à tous nos clients de nous avoir fait confiance, à moi et à toute mon équipe pendant tant d'années.</p></div>
				</div>
				</div>
						</div>
					</div>
		</div>
								</div>
					</div>
		</section>
						</div>
						</div>
					</div>

<p>Llevamos casi 30 años dedicados al mundo del Packaging buscando siempre la innovación en cada producto. Desde el primer día, nuestro reto ha sido encontrar la solución más adecuada para responder a las necesidades de nuestros clientes, cuidando al máximo la calidad y el servicio. Desde 1990, cuando creé mi primera empresa Publipan, hasta hoy, [&hellip;]</p>

<!-- This site is optimized with the Yoast SEO plugin v15.9 - https://yoast.com/wordpress/plugins/seo/ -->
<title>Historia - Luxepack</title>
<meta name="robots" content="index, follow, max-snippet:-1, max-image-preview:large, max-video-preview:-1" />
<link rel="canonical" href="http://luxepack.es/fr/historia/" />
<meta property="og:locale" content="fr_FR" />
<meta property="og:type" content="article" />
<meta property="og:title" content="Historia - Luxepack" />
<meta property="og:description" content="Llevamos casi 30 años dedicados al mundo del Packaging buscando siempre la innovación en cada producto. Desde el primer día, nuestro reto ha sido encontrar la solución más adecuada para responder a las necesidades de nuestros clientes, cuidando al máximo la calidad y el servicio. Desde 1990, cuando creé mi primera empresa Publipan, hasta hoy, [&hellip;]" />
<meta property="og:url" content="http://luxepack.es/fr/historia/" />
<meta property="og:site_name" content="Luxepack" />
<meta property="article:publisher" content="https://www.facebook.com/luxepack/" />
<meta property="article:modified_time" content="2019-07-04T10:52:07+00:00" />
<meta property="og:image" content="https://luxepack.es/wp-content/uploads/2019/06/FotoHistoria-Mx.jpg" />
<meta name="twitter:card" content="summary_large_image" />
<meta name="twitter:label1" content="Durée de lecture est.">
	<meta name="twitter:data1" content="2 minutes">
<script type="application/ld+json" class="yoast-schema-graph">{"@context":"https://schema.org","@graph":[{"@type":"Organization","@id":"https://luxepack.es/#organization","name":"LUXE PACKAGING IBERICA","url":"https://luxepack.es/","sameAs":["https://www.facebook.com/luxepack/","https://www.instagram.com/luxepackagingiberica/"],"logo":{"@type":"ImageObject","@id":"https://luxepack.es/#logo","inLanguage":"fr-FR","url":"https://luxepack.es/wp-content/uploads/2019/06/Logo-LuxePack.jpg","width":175,"height":96,"caption":"LUXE PACKAGING IBERICA"},"image":{"@id":"https://luxepack.es/#logo"}},{"@type":"WebSite","@id":"https://luxepack.es/#website","url":"https://luxepack.es/","name":"Luxepack","description":"Luxe Packaging Ib\u00e9rica","publisher":{"@id":"https://luxepack.es/#organization"},"potentialAction":[{"@type":"SearchAction","target":"https://luxepack.es/?s={search_term_string}","query-input":"required name=search_term_string"}],"inLanguage":"fr-FR"},{"@type":"ImageObject","@id":"https://luxepack.es/historia/#primaryimage","inLanguage":"fr-FR","url":"https://luxepack.es/wp-content/uploads/2019/06/FotoHistoria-Mx.jpg"},{"@type":"WebPage","@id":"https://luxepack.es/historia/#webpage","url":"https://luxepack.es/historia/","name":"Historia - Luxepack","isPartOf":{"@id":"https://luxepack.es/#website"},"primaryImageOfPage":{"@id":"https://luxepack.es/historia/#primaryimage"},"datePublished":"2019-06-03T10:20:19+00:00","dateModified":"2019-07-04T10:52:07+00:00","breadcrumb":{"@id":"https://luxepack.es/historia/#breadcrumb"},"inLanguage":"fr-FR","potentialAction":[{"@type":"ReadAction","target":["https://luxepack.es/historia/"]}]},{"@type":"BreadcrumbList","@id":"https://luxepack.es/historia/#breadcrumb","itemListElement":[{"@type":"ListItem","position":1,"item":{"@type":"WebPage","@id":"https://luxepack.es/","url":"https://luxepack.es/","name":"Portada"}},{"@type":"ListItem","position":2,"item":{"@type":"WebPage","@id":"https://luxepack.es/historia/","url":"https://luxepack.es/historia/","name":"Historia"}}]}]}</script>
<!-- / Yoast SEO plugin. -->
